- d = 2*y, -5*h + 2*y - 5*y - 4 = 0. What are the prime factors of 4/(-2)*((-329)/14)/h?
47
Suppose -200 = 2*s - 2*j + 614, -4*s - 5*j = 1628. Let r = s + 481. List the prime factors of r.
2, 37
Suppose -2*b + f = 5 - 14, -12 = -b + 3*f. Let x be (-13)/(-2)*(-1 + b). Suppose 0 = x*s - 2974 + 634. What are the prime factors of s?
2, 3, 5
Suppose 5*n + 5 - 20 = 0. Suppose n*u + 1123 = -5*r, 4*r - 4*u = r - 668. What are the prime factors of 6/(-7)*(r/12)/4?
2
Suppose 9*n - 3853 = 2*n + 27983. What are the prime factors of n?
2, 3, 379
Suppose 4*d - 5*x = 4231, -5*d - 3434*x + 5279 = -3437*x. List the prime factors of d.
2, 17, 31
Let p(w) = w**2 - 3*w - 3. Let h be p(5). Suppose -h*g = -4*g - 102. Suppose 3*c - 3*j = -j + g, -j = 4*c - 27. What are the prime factors of c?
2
Let n(x) = 10*x - 48. Let i be n(5). Suppose 0 = -i*t - p + 503, -5*t + 1256 = 4*p - 3*p. List the prime factors of t.
251
Let a(j) = 469*j**2 - 78*j + 278. What are the prime factors of a(7)?
3, 67, 113
Let n = -25 + 71. Let k be 47/(1880/(-576)) - (-3)/(-5). Let u = n - k. List the prime factors of u.
61
Let g be 2/9 - (4 - 125/45). Let j be -7*g*(-2)/7. What are the prime factors of (j - 4)/(4/(-38))?
3, 19
Suppose -444*d + 317*d + 3711829 = 0. What are the prime factors of d?
11, 2657
Let p be -1*(8 - (0 - 3)). Let x = p + 6. What are the prime factors of (x/(-4))/(6/768)?
2, 5
What are the prime factors of 16015 - -3*(-45)/9?
2, 5
Let g = 939 - 937. Suppose 1605 + 1273 = g*x. What are the prime factors of x?
1439
Suppose 3*m - 2*m = 1964. Suppose -7*w + 6283 = m. What are the prime factors of w?
617
Suppose -4*v - 5*x + 36355 = 0, 12620 = 2*v + 2*x - 5554. List the prime factors of v.
2, 5, 227
Let i = -10999 + 19921. What are the prime factors of i?
2, 3, 1487
Suppose 21 = 4*n + 9. Suppose 24*u = 21*u + 426. Suppose -n*z + u = -z. What are the prime factors of z?
71
Let g(z) = z**2 - 13*z - 7. Let x(s) = s**3 + 11*s**2 + 7*s. Let i be x(-10). Let t = i + -16. What are the prime factors of g(t)?
7
Suppose -5*q + 1030 = 5*r, r - 2*r = 5*q - 190. Let h = r + -62. What are the prime factors of h?
2, 37
Suppose -48 = 18*y - 22*y. Suppose 0 = -y*u - 503 + 3239. List the prime factors of u.
2, 3, 19
Suppose 250312 = 123*o - 1579928. List the prime factors of o.
2, 3, 5, 31
Suppose -2*t - 10*t - 14592 = 0. Let o = -809 - t. What are the prime factors of o?
11, 37
Suppose 147*c = -171*c + 22578. List the prime factors of c.
71
Suppose 4*s - 2*d - 745 - 1997 = 0, 0 = -3*s + 3*d + 2055. Suppose s - 34 = 4*f. What are the prime factors of f - 0 - (0 + 2*-2)?
167
Suppose -23*g = -184425 - 182931. List the prime factors of g.
2, 3, 11
Suppose 3*a = -a - 1040. Let b = 1119 + -734. Let o = b + a. List the prime factors of o.
5
Let d(b) = -6*b**2 + 294*b - 329. List the prime factors of d(43).
23, 53
Let g be (0 - -6) + -7 + 4 + -1. Suppose -3*r - 361 = -2*q - 110, q + g*r - 143 = 0. Suppose -122 = -3*k + q. What are the prime factors of k?
5, 17
Suppose -2*i + 9 = -0*i - b, -b - 5 = 0. Let h be i - -1 - (-20*6 - -4). Suppose -7*l + 6*l = -h. List the prime factors of l.
7, 17
Let v(w) = -w**3 - 6*w**2 + 18*w + 3. Let j(m) = -3*m + 13. Let r be j(7). Let g = -1 + r. List the prime factors of v(g).
2, 3, 7
Suppose 185*f + 326976 = 209*f. What are the prime factors of f?
2, 13, 131
Let b = -64 - -66. Suppose 7*r = 2*r - b*n + 1327, -n + 1 = 0. List the prime factors of r.
5, 53
Suppose 0 = -2*l + o + 1962, -11*l + 15*l - 5*o = 3912. Suppose 0 = 3*p - 5*w - 2971, 4*p - 3*p + 2*w - l = 0. List the prime factors of p.
3, 7, 47
Let u = 61 - 178. Let g = u + 277. List the prime factors of g.
2, 5
Let u = 495 + -491. Suppose -196 - 208 = -u*y + 4*l, 5*y = -3*l + 497. List the prime factors of y.
2, 5
Let h be (1 - 4)/((-3)/51). Suppose 3*n + j - 14 = 73, 0 = -2*n - 3*j + h. Let x = -28 + n. List the prime factors of x.
2
Let v = 10462 - 6257. List the prime factors of v.
5, 29
Let d(i) = -i**3 + 116*i**2 - 1633*i - 35. What are the prime factors of d(37)?
5, 9539
Suppose 4*l + 73 - 18 = -3*f, -40 = 3*l + f. Let u(a) = -27*a + 11. Let z be u(l). Let v = z - 121. What are the prime factors of v?
241
Suppose -287462 = -72*d + 213730. What are the prime factors of d?
6961
Let g be (-2)/3*(5 - 8). Suppose 5*j + 45 - 3227 = 4*d, -3*j + g*d + 1908 = 0. List the prime factors of j.
2, 317
Let m be (-4)/2 + -12 + 25. Suppose s = -4*b + 2709, 9*s - m*s = -3*b + 2029. List the prime factors of b.
677
Let i(u) = 11*u - 30. Let m be i(29). Let z = 663 - m. List the prime factors of z.
2, 11, 17
Suppose 0 = -4*o - 2*o - 234. Let s = 42 + o. Suppose p - 46 - 12 = -s*z, 2*p - 4*z = 66. What are the prime factors of p?
43
Let x be (-4)/(-8)*-8 + 53. What are the prime factors of (-2840)/(-7) - (-14)/x?
2, 7, 29
Suppose -x - 3*w + 1 = 12, -2*x - 34 = 3*w. What are the prime factors of (-15501)/(-18) - (3 - x/(-6))?
2, 431
Let r be (164868/110)/(2/5). Suppose 12174 + r = 29*o. List the prime factors of o.
3, 61
Let j(n) = -n**3 - 29*n - 22. Let d be j(10). List the prime factors of 4/(-56)*6 - d/7.
11, 17
Let y(o) = -o**3 + 17*o**2 + 16*o - 21. Let t be ((-7)/((-231)/(-143)))/((-2)/6). What are the prime factors of y(t)?
863
Let r = -13177 + 22406. What are the prime factors of r?
11, 839
Suppose -35*q - 3086 = 44269. Let c = q + 2081. What are the prime factors of c?
2, 7, 13
Suppose -3*h - 6 = -2*j - 69, -5*h = -j - 98. Suppose -h*o = -16068 + 4820. List the prime factors of o.
2, 37
Let v(t) = -1. Let q(j) = -3*j - 17. Let g(h) = q(h) + 5*v(h). Let s be g(-9). What are the prime factors of ((-4)/10)/(s/(-1025))?
2, 41
Let u = 21 - 35. Let z be 3 - (-6)/(-4)*u/21. Suppose -4*h + 10 = -2*h - z*y, 3*h - 2*y - 27 = 0. What are the prime factors of h?
11
Let i(p) = -4*p - 74. Let u be i(-22). Suppose -8572 - 4070 = -u*f. What are the prime factors of f?
3, 7, 43
What are the prime factors of (3/(30/(-4)))/(4/(-93260))?
2, 4663
Let w be (21/(-14))/((-2)/4). Let p = w + -8. What are the prime factors of (12 + p)*1*7?
7
Let x = -1369 + 3149. Suppose -x = -2*z + 4*a, -z + a + 272 + 613 = 0. What are the prime factors of z?
2, 5, 11
Let w = -118 + 119. Let y(o) = 134*o**3 - 3*o**2 + 2*o - 1. What are the prime factors of y(w)?
2, 3, 11
Suppose 16 - 2 = -7*z. Let k be (36/(-30))/(z/515). Suppose -7*f + k + 503 = 0. What are the prime factors of f?
2, 29
Suppose -2*f = -28390 + 3234. Suppose -84*k + 65*k = -f. What are the prime factors of k?
2, 331
What are the prime factors of 1/4 - (-1718670)/40?
42967
Let p(a) = -11*a - 110. Let m be p(-18). Suppose -18*r - m = -412. List the prime factors of r.
2, 3
Suppose 3*n - 8 = 40. List the prime factors of (6*n/(-72))/(4/(-1398)).
2, 233
Let b be (8*(-3)/(-15))/((-6)/(-105)). Let a = 89 - b. Suppose 217 = 2*h + a. List the prime factors of h.
2, 3, 13
Let k be (-1)/((-15)/10 - -1). Suppose -2*l + k*j = -646, -3*j - 333 - 310 = -2*l. What are the prime factors of l?
2, 163
Suppose 658*l - 680*l + 220376 = -234254. List the prime factors of l.
5, 4133
Suppose 4*r = b - 38 + 1, -2*b = -2. Let o(j) = 3*j**2 - 18*j + 17. List the prime factors of o(r).
2, 211
Let d(f) = 8*f + 8. Let o = 80 - 81. Let q be d(o). Suppose 5*g - 4*g + u - 235 = q, 5*g = -2*u + 1187. List the prime factors of g.
239
Let q = 17 + 6. Let r = 27 - q. What are the prime factors of (-46)/(-8)*(r - -4)?
2, 23
Let r be 2 - (1 + -660) - 0. Suppose -3*f + 9 = -h, -2*f - 2*f = -h - 12. Suppose l - 87 = -f*p, 0 = 5*l - 3*p + 208 - r. What are the prime factors of l?
2, 3, 5
What are the prime factors of (94/235 - 16/15)/((-2)/18747)?
3, 2083
Let v be ((-234)/(-104))/((-3)/(-120)). Let a = 126 + v. List the prime factors of a.
2, 3
Suppose -3*t = -3*f - 22475 - 4372, -5*t + 2*f + 44760 = 0. List the prime factors of t.
2, 11, 37
Let b(o) = -2*o**2 + 38*o + 1. Let v be b(19). What are the prime factors of (-1167 + 3)*1/(-2 - v)?
2, 97
Let c(z) = -17848*z + 752. What are the prime factors of c(-2)?
2, 17, 67
Let a(x) = -25*x - 106. Let d(j) = 73*j + 319. Let t(b) = 11*a(b) + 4*d(b). List the prime factors of t(9).
263
Let c(b) = 27*b**2 - 51*b - 1081. List the prime factors of c(-20).
10739
Let c(k) = 2*k**3 + 3*k**2 + 5*k - 80. Let o be c(15). Suppose -30*r = -25*r - o. What are the prime factors of r?
2, 7, 53
